rmine f(16).
-65
Let x(b) = -59652*b + 656162. What is x(11)?
-10
Let v(t) = t**3 - 34*t**2 + 68*t - 531. What is v(16)?
-4051
Let c(h) = -h**3 - 43*h**2 + 182*h - 1609. Give c(-46).
-3633
Let s(n) = n**3 - 650*n**2 + 70651*n + 842. What is s(138)?
152
Let x(t) = t**2 - 37*t - 1987. Give x(61).
-523
Let s(f) = 22678*f - 19865939. Determine s(876).
-11
Let f(y) = -616*y**2 + 3081*y + 12. What is f(5)?
17
Let s(j) = -1936*j + 1235257. Calculate s(638).
89
Let l(b) = -3691*b - 177197. Calculate l(-48).
-29
Let r(z) = -14*z**3 - 24*z**2 + 40*z + 107. Give r(-3).
149
Let c(u) = -u**2 - 1040*u + 16885. Give c(16).
-11
Let m(h) = -h**2 + 896*h - 4426. Calculate m(5).
29
Let g(h) = 52521*h - 316142. Give g(6).
-1016
Let y(w) = -w**2 + 449*w + 14061. Give y(-30).
-309
Let d(t) = 8*t**3 + 166*t**2 + 14*t. Determine d(-21).
-1176
Let w(y) = 5*y**2 - 115*y - 8005. Determine w(53).
-55
Let g(j) = -35*j**2 - 923*j + 71. Give g(-24).
2063
Let l(r) = -r**2 - 173*r - 5987. What is l(-124)?
89
Let k(v) = 8571*v - 6976788. Determine k(814).
6
Let j(m) = 4*m**3 - m**2 + 93*m - 21. What is j(4)?
591
Let v(p) = 220*p**3 - 25*p**2 - 123*p - 101. What is v(-1)?
-223
Let b(r) = 8527*r - 196117. Calculate b(23).
4
Let k(u) = 56*u**2 + 117*u - 19. What is k(-6)?
1295
Let r(d) = -56143*d - 1515866. What is r(-27)?
-5
Let w(c) = -2678*c - 82972. Calculate w(-31).
46
Let a(b) = 4*b**3 + 16*b**2 - 36*b - 2. Calculate a(7).
1902
Let u(n) = 128*n - 12037. Determine u(94).
-5
Let k(j) = 9016*j + 63123. Calculate k(-7).
11
Let b(h) = h**3 - 28*h**2 - 1434*h + 41782. Give b(32).
-10
Let d(i) = -2289*i - 9186. Determine d(-4).
-30
Let x(l) = -l**2 + 15937*l + 191421. What is x(-12)?
33
Let p(s) = -2*s**2 + 397*s + 498. Calculate p(200).
-102
Let r(f) = -442*f**2 - 2918*f + 2917. Calculate r(1).
-443
Let m(f) = -f**3 + 222*f**2 + 58444*f - 3401. Give m(377).
-8
Let p(j) = -2*j**3 - 93*j**2 + 190*j + 2. Give p(2).
-6
Let j(f) = -140987*f + 1268890. Give j(9).
7
Let n(s) = -s**3 + 10*s**2 + 50*s - 327. What is n(7)?
170
Let y(q) = 92*q**2 - 1892*q + 7162. Give y(5).
2
Let u(s) = -1445*s - 7762. What is u(-5)?
-537
Let a(l) = -111*l + 59482. Calculate a(536).
-14
Let o(k) = 1428*k**2 + 8494*k - 450. Give o(-6).
-6
Let z(y) = -2*y**3 + 180*y**2 + 21*y - 666. Calculate z(90).
1224
Let r(u) = -11*u + 74. Calculate r(17).
-113
Let c(g) = -214*g - 26600. Calculate c(-125).
150
Let f(z) = -2*z**2 + 260*z + 4841. Determine f(-17).
-157
Let d(y) = -4*y**3 + 48*y**2 - 55*y + 1395. Give d(13).
4
Let h(i) = -75*i**2 + 4*i - 611. What is h(0)?
-611
Let n(o) = -138*o**2 - 220*o - 910. What is n(-4)?
-2238
Let z(a) = 31200*a + 155985. Give z(-5).
-15
Let j(w) = -304086*w - 65378484. Calculate j(-215).
6
Let v(k) = -10295*k - 5827066. What is v(-566)?
-96
Let j(d) = -d**2 + 10221*d - 234553. What is j(23)?
1
Let u(g) = -3*g**3 + 552*g**2 + 18*g - 3299. Give u(184).
13
Let n(w) = -7*w**2 - 58*w + 229. Calculate n(6).
-371
Let o(h) = 51519*h - 361612. Calculate o(7).
-979
Let c(n) = -n**2 - 753*n - 30090. Give c(-41).
-898
Let w(i) = -i**2 - 14*i + 33. What is w(5)?
-62
Let y(r) = -r**3 - 65*r**2 + 30*r + 1104. What is y(-65)?
-846
Let v(y) = 3*y**3 - 344*y**2 - 119*y + 118. Give v(115).
-342
Let x(k) = -4742*k**2 + 9483*k + 14. Determine x(2).
12
Let b(u) = -u**3 - 84*u**2 - 153*u + 209. Calculate b(-82).
-693
Let c(p) = 11*p**2 - 4074*p - 6760. Calculate c(372).
-64
Let j(y) = -5*y**3 - 3*y**2 + 107*y + 216. Determine j(-2).
30
Let i(c) = 130*c - 15640. Give i(123).
350
Let z(p) = 15*p**2 - 154*p - 1546. Calculate z(-6).
-82
Let v(g) = 3*g**3 + 49*g**2 + 166*g - 76. Calculate v(-4).
-148
Let s(o) = 57*o - 1161. Give s(-53).
-4182
Let v(q) = 514*q + 53636. Give v(-102).
1208
Let l(d) = -933*d - 16722. Determine l(-18).
72
Let k(r) = -1089*r + 10849. Calculate k(10).
-41
Let c(m) = -2*m**3 - 1202*m**2 + 7451*m + 101364. Give c(-607).
-5
Let s(p) = -254*p + 21172. Determine s(81).
598
Let j(n) = -n**3 - 326*n**2 - 965*n + 1305. Calculate j(-323).
13
Let a(x) = 31049*x + 124618. What is a(-4)?
422
Let i(w) = 322694*w - 9. What is i(0)?
-9
Let o(m) = -m**2 + 617350*m + 14816994. Calculate o(-24).
18
Let v(x) = -56*x + 1779. Calculate v(34).
-125
Let a(r) = -62*r**2 - 7242*r + 1393. Calculate a(-117).
-11
Let a(p) = -20*p**2 + 292*p - 533. Determine a(13).
-117
Let n(i) = -i**2 + 153*i - 3790. Calculate n(122).
-8
Let y(v) = 2583*v + 1423242. What is y(-551)?
9
Let v(s) = -s**3 + 46*s**2 + 218*s - 8047. Determine v(47).
-10
Let b(a) = -a**3 - 48*a**2 - 378*a - 3570. Give b(-41).
161
Let q(s) = -841*s - 100251. What is q(-119)?
-172
Let s(f) = -119573*f - 717449. Calculate s(-6).
-11
Let c(f) = 3797*f + 842918. Determine c(-222).
-16
Let l(q) = 6*q**3 - 191*q**2 - 71*q + 1291. What is l(32)?
43
Let s(f) = 19*f**2 - 47*f - 56. Determine s(-4).
436
Let i(f) = f**2 + 105*f + 278. Calculate i(-3).
-28
Let y(i) = 3*i**3 - 221*i**2 - 3953*i + 552. Calculate y(-15).
-3
Let q(o) = o**3 - 507*o**2 - 6760*o - 212. What is q(520)?
-212
Let b(i) = 46*i**2 - 10147*i + 50791. Determine b(5).
1206
Let z(u) = -150*u + 13619. Give z(90).
119
Let c(m) = m**2 + 231*m - 26096. Calculate c(-314).
-34
Let n(q) = -15879*q - 1159169. Give n(-73).
-2
Let s(t) = 147*t + 5886. Calculate s(-41).
-141
Let p(r) = -341*r - 87965. Determine p(-258).
13
Let j(u) = -81394*u - 86359028. Determine j(-1061).
6
Let k(n) = -2*n**2 - 1269*n - 16124. Calculate k(-13).
35
Let w(d) = d**3 - 4*d**2 + 890*d - 6209. Determine w(7).
168
Let o(n) = -480*n + 4256. Calculate o(10).
-544
Let g(r) = r**2 + 1143*r + 79101. Determine g(-74).
-5
Let d(a) = -a**3 - 528*a**2 + 11531*a + 12. Give d(21).
54
Let x(c) = -156*c - 15811. What is x(-121)?
3065
Let r(j) = -6803631*j + 34018152. Determine r(5).
-3
Let w(v) = -6384*v**2 + 1659836*v + 1042. What is w(260)?
2
Let a(j) = -2*j**2 + 586*j - 37713. Determine a(199).
-301
Let q(y) = y**3 + y**2 - 212*y + 4706. Determine q(0).
4706
Let f(q) = 58794*q + 293975. What is f(-5)?
5
Let x(i) = 1338*i - 1127928. Give x(843).
6
Let u(n) = -36476*n + 7951769. Give u(218).
1
Let r(t) = -804*t + 2673. Calculate r(5).
-1347
Let h(v) = -601548*v + 4812379. What is h(8)?
-5
Let l(m) = -84887*m - 3225705. What is l(-38)?
1
Let w(j) = 4516*j - 36073. What is w(8)?
55
Let l(s) = -24*s**2 - 2336*s + 3918. Calculate l(-99).
-42
Let k(m) = 10*m**2 - 2*m + 26. Give k(-9).
854
Let b(c) = 32*c**2 - 571*c - 67. What is b(18)?
23
Let s(a) = a**2 - 2439*a - 17068. Determine s(-7).
54
Let z(r) = -6*r**2 - 95*r - 95. What is z(-15)?
-20
Let d(b) = -13*b**2 - 287*b - 503. What is d(-20)?
37
Let s(l) = -80*l - 4684. Calculate s(-10).
-3884
Let q(g) = -14*g**3 - 430*g**2 + 2657*g - 248. Calculate q(-36).
4
Let h(c) = -c**3 - 299*c**2 - 1039*c + 555. Determine h(-4).
-9
Let l(c) = -18*c**3 + 100*c**2 - 4*c - 8. Determine l(7).
-1310
Let f(n) = -4*n**2 + 164*n + 1658. Determine f(-10).
-382
Let t(z) = 24*z**3 + 3*z**2 + 110*z + 357. What is t(-5)?
-3118
Let p(s) = s**3 + 19*s**2 + 3*s + 336. Give p(-19).
279
Let f(i) = i**3 + 923*i**2 - 87868*i + 2006. What is f(-1010)?
-14
Let q(t) = 1184*t**2 + 11949*t - 8. Determine q(-10).
-1098
Let y(j) = 24*j**2 - 389*j + 1542. Determine y(7).
-5
Let s(n) = -5*n**3 + 1243*n**2 + 489*n + 2260. Give s(249).
19
Let d(w) = 48*w**2 - 9202*w - 2424. Give d(192).
264
Let s(y) = y**3 - 60*y**2 + 458*y + 2106. What is s(50)?
6
Let u(m) = 1418*m - 1378. What is u(1)?
40
Let r(j) = -j**2 + 20*j + 372. Give r(39).
-369
Let x(j) = 1074*j + 224686. What is x(-209)?
220
Let z(h) = -h**3 + 495*h**2 + 44048*h - 107. Determine z(-77).
-415
Let w(h) = -2197*h + 169376. Determine w(77).
207
Let h(f) = 2*f**3 - 29*f**2 + 38*f - 410. Determine h(14).
-74
Let s(m) = 22*m**2 + 3442*m + 11623. What is s(-153)?
-5
Let o(s) = 1342159*s + 8052934. Determine o(-6).
-20
Let t(m) = -9850*m + 40700. Calculate t(4).
1300
Let k(i) = i**3 - 95*i**2 + 2*i. Calculate k(0).
0
Let c(i) = 5*i**2 + 476*i + 5. Give c(0).
5
Let t(u) = -2331*u - 207439. Determine t(-89).
20
Let k(j) = 2614*j + 65303. Calculate k(-25).
-47
Let b(c) = 3779*c + 11429. Determine b(-3).
92
Let q(v) = 150*v**3 - 37*v**2 + 64*v + 24. Calculate q(2).
1204
Let w(u) = -148649*u + 446309. Give w(3).
362
Let o(b) = -148316*b - 2521264. Calculate o(-17).
108
Let j(f) = f**